{"id":637,"date":"2026-01-12T19:35:38","date_gmt":"2026-01-12T18:35:38","guid":{"rendered":"https:\/\/termtud.eltetrefort.hu\/?page_id=637"},"modified":"2026-01-17T20:56:57","modified_gmt":"2026-01-17T19:56:57","slug":"foldrajz-tanarkepzes","status":"publish","type":"page","link":"https:\/\/termtud.eltetrefort.hu\/?page_id=637","title":{"rendered":"Tan\u00e1rk\u00e9pz\u00e9s &#8211; f\u00f6ldrajz"},"content":{"rendered":"\n<div class=\"wp-block-media-text is-stacked-on-mobile is-image-fill-element\" style=\"margin-right:var(--wp--preset--spacing--50);margin-left:var(--wp--preset--spacing--50);grid-template-columns:35% auto\"><figure class=\"wp-block-media-text__media\"><img loading=\"lazy\" decoding=\"async\" width=\"1024\" height=\"768\" src=\"http:\/\/termtud.eltetrefort.hu\/wp-content\/uploads\/2026\/01\/DSC00120-finta-Geri-1-1024x768.jpeg\" alt=\"\" class=\"wp-image-633 size-full\" style=\"object-position:50% 50%\" srcset=\"https:\/\/termtud.eltetrefort.hu\/wp-content\/uploads\/2026\/01\/DSC00120-finta-Geri-1-1024x768.jpeg 1024w, https:\/\/termtud.eltetrefort.hu\/wp-content\/uploads\/2026\/01\/DSC00120-finta-Geri-1-300x225.jpeg 300w, https:\/\/termtud.eltetrefort.hu\/wp-content\/uploads\/2026\/01\/DSC00120-finta-Geri-1-768x576.jpeg 768w, https:\/\/termtud.eltetrefort.hu\/wp-content\/uploads\/2026\/01\/DSC00120-finta-Geri-1-1536x1152.jpeg 1536w, https:\/\/termtud.eltetrefort.hu\/wp-content\/uploads\/2026\/01\/DSC00120-finta-Geri-1-2048x1536.jpeg 2048w\" sizes=\"auto, (max-width: 1024px) 100vw, 1024px\" \/><\/figure><div class=\"wp-block-media-text__content\">\n<p class=\"sorkizart has-contrast-color has-text-color has-link-color has-medium-font-size wp-elements-0713ce08ff4e929f928d6733d6810ae6\">Az ELTE gyakorl\u00f3iskol\u00e1jak\u00e9nt kiemelt feladatunk a tan\u00e1rk\u00e9pz\u00e9sben val\u00f3 akt\u00edv r\u00e9szv\u00e9tel. Az osztatlan \u00e9s r\u00f6vid ciklus\u00fa tan\u00e1ri mesterk\u00e9pz\u00e9s sor\u00e1n a hallgat\u00f3k egy r\u00e9sze n\u00e1lunk v\u00e9gzi a szakt\u00e1rgyi \u00e9s bizonyos \u00e9vekben a csoportos tan\u00edt\u00e1si gyakorlatot is. A gyakorlatok c\u00e9lja, hogy a tan\u00e1rjel\u00f6ltek a vezet\u0151tan\u00e1ruk &#8222;sz\u00e1rnyai alatt&#8221; ismerkedjenek meg a tan\u00f3r\u00e1k tervez\u00e9s\u00e9vel, \u00e9rt\u00e9kel\u00e9s\u00e9vel, valamint megtarts\u00e1k \u00e1ltal\u00e1ban \u00e9let\u00fck els\u0151 n\u00e9h\u00e1ny tan\u00f3r\u00e1j\u00e1t vagy tan\u00f3ra r\u00e9szlet\u00e9t. \u00cdgy tapasztalatot szereznek a nevel\u00e9si-oktat\u00e1si folyamatokban, a gyakorlatba \u00e1t\u00fcltethetik, b\u0151v\u00edthetik m\u00f3dszertani ismereteiket. A gyakorlatoknak a tan\u00e1ri szerep, a tan\u00e1ri szem\u00e9lyis\u00e9g kialak\u00edt\u00e1s\u00e1ra is hat\u00e1sa van, \u00e9s seg\u00edti az egyetemi tud\u00e1s adapt\u00e1l\u00e1s\u00e1t a h\u00e9tk\u00f6znapi pedag\u00f3giai munk\u00e1ban.<\/p>\n<\/div><\/div>\n\n\n<nav class=\"has-text-color has-contrast-color has-background has-accent-2-background-color is-responsive items-justified-center wp-block-navigation is-content-justification-center is-layout-flex wp-container-core-navigation-is-layout-a89b3969 wp-block-navigation-is-layout-flex\" aria-label=\"Tan\u00e1rk\u00e9pz\u00e9s -f\u00f6ldrajz\" \n\t\t data-wp-interactive=\"core\/navigation\" data-wp-context='{\"overlayOpenedBy\":{\"click\":false,\"hover\":false,\"focus\":false},\"type\":\"overlay\",\"roleAttribute\":\"\",\"ariaLabel\":\"Men\\u00fc\"}'><button aria-haspopup=\"dialog\" aria-label=\"Men\u00fc megnyit\u00e1sa\" class=\"wp-block-navigation__responsive-container-open\" \n\t\t\t\tdata-wp-on--click=\"actions.openMenuOnClick\"\n\t\t\t\tdata-wp-on--keydown=\"actions.handleMenuKeydown\"\n\t\t\t><svg width=\"24\" height=\"24\" xmlns=\"http:\/\/www.w3.org\/2000\/svg\" viewBox=\"0 0 24 24\" aria-hidden=\"true\" focusable=\"false\"><path d=\"M4 7.5h16v1.5H4z\"><\/path><path d=\"M4 15h16v1.5H4z\"><\/path><\/svg><\/button>\n\t\t\t\t<div class=\"wp-block-navigation__responsive-container  has-text-color has-accent-2-color has-background has-contrast-background-color\"  id=\"modal-1\" \n\t\t\t\tdata-wp-class--has-modal-open=\"state.isMenuOpen\"\n\t\t\t\tdata-wp-class--is-menu-open=\"state.isMenuOpen\"\n\t\t\t\tdata-wp-watch=\"callbacks.initMenu\"\n\t\t\t\tdata-wp-on--keydown=\"actions.handleMenuKeydown\"\n\t\t\t\tdata-wp-on--focusout=\"actions.handleMenuFocusout\"\n\t\t\t\ttabindex=\"-1\"\n\t\t\t>\n\t\t\t\t\t<div class=\"wp-block-navigation__responsive-close\" tabindex=\"-1\">\n\t\t\t\t\t\t<div class=\"wp-block-navigation__responsive-dialog\" \n\t\t\t\tdata-wp-bind--aria-modal=\"state.ariaModal\"\n\t\t\t\tdata-wp-bind--aria-label=\"state.ariaLabel\"\n\t\t\t\tdata-wp-bind--role=\"state.roleAttribute\"\n\t\t\t>\n\t\t\t\t\t\t\t<button aria-label=\"Men\u00fc bez\u00e1r\u00e1sa\" class=\"wp-block-navigation__responsive-container-close\" \n\t\t\t\tdata-wp-on--click=\"actions.closeMenuOnClick\"\n\t\t\t><svg xmlns=\"http:\/\/www.w3.org\/2000\/svg\" viewBox=\"0 0 24 24\" width=\"24\" height=\"24\" aria-hidden=\"true\" focusable=\"false\"><path d=\"m13.06 12 6.47-6.47-1.06-1.06L12 10.94 5.53 4.47 4.47 5.53 10.94 12l-6.47 6.47 1.06 1.06L12 13.06l6.47 6.47 1.06-1.06L13.06 12Z\"><\/path><\/svg><\/button>\n\t\t\t\t\t\t\t<div class=\"wp-block-navigation__responsive-container-content\" \n\t\t\t\tdata-wp-watch=\"callbacks.focusFirstElement\"\n\t\t\t id=\"modal-1-content\">\n\t\t\t\t\t\t\t\t<ul class=\"wp-block-navigation__container has-text-color has-contrast-color has-background has-accent-2-background-color is-responsive items-justified-center wp-block-navigation\"><li class=\" wp-block-navigation-item wp-block-navigation-link\"><a class=\"wp-block-navigation-item__content\"  href=\"https:\/\/termtud.eltetrefort.hu\/?page_id=1013_id=1011\"><span class=\"wp-block-navigation-item__label\">Vezet\u0151tan\u00e1rok \u00f3rarendje <\/span><\/a><\/li><li data-wp-context=\"{ &quot;submenuOpenedBy&quot;: { &quot;click&quot;: false, &quot;hover&quot;: false, &quot;focus&quot;: false }, &quot;type&quot;: &quot;submenu&quot;, &quot;modal&quot;: null, &quot;previousFocus&quot;: null }\" data-wp-interactive=\"core\/navigation\" data-wp-on--focusout=\"actions.handleMenuFocusout\" data-wp-on--keydown=\"actions.handleMenuKeydown\" data-wp-on--mouseenter=\"actions.openMenuOnHover\" data-wp-on--mouseleave=\"actions.closeMenuOnHover\" data-wp-watch=\"callbacks.initMenu\" tabindex=\"-1\" class=\"wp-block-navigation-item has-child open-on-hover-click wp-block-navigation-submenu has-medium-font-size\"><a class=\"wp-block-navigation-item__content\"><span class=\"wp-block-navigation-item__label\">K\u00f6vetelm\u00e9nyek<\/span><\/a><button data-wp-bind--aria-expanded=\"state.isMenuOpen\" data-wp-on--click=\"actions.toggleMenuOnClick\" aria-label=\"K\u00f6vetelm\u00e9nyek almen\u00fc\" class=\"wp-block-navigation__submenu-icon wp-block-navigation-submenu__toggle\" ><svg xmlns=\"http:\/\/www.w3.org\/2000\/svg\" width=\"12\" height=\"12\" viewBox=\"0 0 12 12\" fill=\"none\" aria-hidden=\"true\" focusable=\"false\"><path d=\"M1.50002 4L6.00002 8L10.5 4\" stroke-width=\"1.5\"><\/path><\/svg><\/button><ul data-wp-on--focus=\"actions.openMenuOnFocus\" class=\"wp-block-navigation__submenu-container has-text-color has-accent-2-color has-background has-contrast-background-color wp-block-navigation-submenu has-medium-font-size\"><li style=\"font-style:italic;font-weight:100;\" class=\" wp-block-navigation-item wp-block-navigation-link has-small-font-size\"><a class=\"wp-block-navigation-item__content\"  href=\"https:\/\/termtud.eltetrefort.hu\/?page_id=1019\"><span class=\"wp-block-navigation-item__label\">osztatlan k\u00e9pz\u00e9s<\/span><\/a><\/li><li style=\"font-style:italic;font-weight:100;\" class=\" wp-block-navigation-item wp-block-navigation-link has-small-font-size\"><a class=\"wp-block-navigation-item__content\"  href=\"https:\/\/termtud.eltetrefort.hu\/?page_id=1025\"><span class=\"wp-block-navigation-item__label\">RTAK <\/span><\/a><\/li><\/ul><\/li><li class=\" wp-block-navigation-item wp-block-navigation-link\"><a class=\"wp-block-navigation-item__content\"  href=\"https:\/\/termtud.eltetrefort.hu\/?page_id=1031\"><span class=\"wp-block-navigation-item__label\">Seg\u00e9danyagok<\/span><\/a><\/li><\/ul>\n\t\t\t\t\t\t\t<\/div>\n\t\t\t\t\t\t<\/div>\n\t\t\t\t\t<\/div>\n\t\t\t\t<\/div><\/nav>\n\n\n<h3 class=\"wp-block-heading kozepre\">Vezet\u0151tan\u00e1rok<\/h3>\n\n\n\n<ul class=\"wp-block-list kozepre\">\n<li class=\"has-medium-font-size\"><strong>Boronkai-Horv\u00e1th Zs\u00f3fia (f\u00f6ldrajz-biol\u00f3gia szakos tan\u00e1r)<\/strong><\/li>\n\n\n\n<li class=\"has-medium-font-size\"><strong>Kis Kelemen \u00c9va (f\u00f6ldrajz-biol\u00f3gia szakos tan\u00e1r)<\/strong><\/li>\n<\/ul>\n\n\n\n<h3 class=\"wp-block-heading kozepre\">A gyakorlatokr\u00f3l:<\/h3>\n\n\n\n<p class=\"has-text-align-center has-contrast-color has-text-color has-link-color has-medium-font-size wp-elements-e6dae8d4f32ecc6c7c6986dd872d92d6\"><a href=\"https:\/\/tkk.elte.hu\/szaktargyi_tanitasi_gyakorlat_otak\" target=\"_blank\" rel=\"noreferrer noopener\"><strong>Szakt\u00e1rgyi tan\u00edt\u00e1si gyakorlat<\/strong> (osztatlan tan\u00e1rk\u00e9pz\u00e9s)<\/a><br><br><a href=\"https:\/\/tkk.elte.hu\/szaktargyi_tanitasi_gyakorlat_rtak\" target=\"_blank\" rel=\"noreferrer noopener\"><strong>Szakt\u00e1rgyi tan\u00edt\u00e1si gyakorlat <\/strong>(r\u00f6vid ciklus\u00fa tan\u00e1ri mesterk\u00e9pz\u00e9s)<\/a><br><br><a href=\"https:\/\/tkk.elte.hu\/csoportos_tanitasi_gyakorlat\" target=\"_blank\" rel=\"noreferrer noopener\"><strong>Csoportos tan\u00edt\u00e1si gyakorlat <\/strong>(osztatlan tan\u00e1rk\u00e9pz\u00e9s)<\/a><\/p>\n","protected":false},"excerpt":{"rendered":"<p>Az ELTE gyakorl\u00f3iskol\u00e1jak\u00e9nt kiemelt feladatunk a tan\u00e1rk\u00e9pz\u00e9sben val\u00f3 akt\u00edv r\u00e9szv\u00e9tel. Az osztatlan \u00e9s r\u00f6vid ciklus\u00fa tan\u00e1ri mesterk\u00e9pz\u00e9s sor\u00e1n a hallgat\u00f3k egy r\u00e9sze n\u00e1lunk v\u00e9gzi a szakt\u00e1rgyi \u00e9s bizonyos \u00e9vekben a csoportos tan\u00edt\u00e1si gyakorlatot is. A gyakorlatok c\u00e9lja, hogy a tan\u00e1rjel\u00f6ltek a vezet\u0151tan\u00e1ruk &#8222;sz\u00e1rnyai alatt&#8221; ismerkedjenek meg a tan\u00f3r\u00e1k tervez\u00e9s\u00e9vel, \u00e9rt\u00e9kel\u00e9s\u00e9vel, valamint megtarts\u00e1k \u00e1ltal\u00e1ban \u00e9let\u00fck els\u0151 [&hellip;]<\/p>\n","protected":false},"author":1,"featured_media":0,"parent":0,"menu_order":0,"comment_status":"closed","ping_status":"closed","template":"c-mlap","meta":{"footnotes":""},"class_list":["post-637","page","type-page","status-publish","hentry"],"_links":{"self":[{"href":"https:\/\/termtud.eltetrefort.hu\/index.php?rest_route=\/wp\/v2\/pages\/637","targetHints":{"allow":["GET"]}}],"collection":[{"href":"https:\/\/termtud.eltetrefort.hu\/index.php?rest_route=\/wp\/v2\/pages"}],"about":[{"href":"https:\/\/termtud.eltetrefort.hu\/index.php?rest_route=\/wp\/v2\/types\/page"}],"author":[{"embeddable":true,"href":"https:\/\/termtud.eltetrefort.hu\/index.php?rest_route=\/wp\/v2\/users\/1"}],"replies":[{"embeddable":true,"href":"https:\/\/termtud.eltetrefort.hu\/index.php?rest_route=%2Fwp%2Fv2%2Fcomments&post=637"}],"version-history":[{"count":12,"href":"https:\/\/termtud.eltetrefort.hu\/index.php?rest_route=\/wp\/v2\/pages\/637\/revisions"}],"predecessor-version":[{"id":1323,"href":"https:\/\/termtud.eltetrefort.hu\/index.php?rest_route=\/wp\/v2\/pages\/637\/revisions\/1323"}],"wp:attachment":[{"href":"https:\/\/termtud.eltetrefort.hu\/index.php?rest_route=%2Fwp%2Fv2%2Fmedia&parent=637"}],"curies":[{"name":"wp","href":"https:\/\/api.w.org\/{rel}","templated":true}]}}