{"id":640,"date":"2026-01-12T19:39:26","date_gmt":"2026-01-12T18:39:26","guid":{"rendered":"https:\/\/termtud.eltetrefort.hu\/?page_id=640"},"modified":"2026-01-17T21:40:15","modified_gmt":"2026-01-17T20:40:15","slug":"versenyek-biologia","status":"publish","type":"page","link":"https:\/\/termtud.eltetrefort.hu\/?page_id=640","title":{"rendered":"Versenyek &#8211; biol\u00f3gia"},"content":{"rendered":"\n<div class=\"wp-block-media-text is-stacked-on-mobile is-image-fill-element\" style=\"margin-right:var(--wp--preset--spacing--50);margin-left:var(--wp--preset--spacing--50);grid-template-columns:30% auto\"><figure class=\"wp-block-media-text__media\"><img loading=\"lazy\" decoding=\"async\" width=\"1024\" height=\"768\" src=\"http:\/\/termtud.eltetrefort.hu\/wp-content\/uploads\/2026\/01\/Madi-Nator_Lili-1-1024x768.jpg\" alt=\"\" class=\"wp-image-554 size-full\" style=\"object-position:50% 50%\" srcset=\"https:\/\/termtud.eltetrefort.hu\/wp-content\/uploads\/2026\/01\/Madi-Nator_Lili-1-1024x768.jpg 1024w, https:\/\/termtud.eltetrefort.hu\/wp-content\/uploads\/2026\/01\/Madi-Nator_Lili-1-300x225.jpg 300w, https:\/\/termtud.eltetrefort.hu\/wp-content\/uploads\/2026\/01\/Madi-Nator_Lili-1-768x576.jpg 768w, https:\/\/termtud.eltetrefort.hu\/wp-content\/uploads\/2026\/01\/Madi-Nator_Lili-1-1536x1152.jpg 1536w, https:\/\/termtud.eltetrefort.hu\/wp-content\/uploads\/2026\/01\/Madi-Nator_Lili-1-2048x1536.jpg 2048w\" sizes=\"auto, (max-width: 1024px) 100vw, 1024px\" \/><\/figure><div class=\"wp-block-media-text__content\">\n<p class=\"has-contrast-color has-text-color has-link-color has-medium-font-size wp-elements-6d0aafaef287d3c1e5155d08d98fcee2\"><strong><em>Amelyeken indulni szoktunk:<\/em><\/strong><br><br><a href=\"https:\/\/zoobudapest.com\/oktatas\/versenyfelhivas\/\" target=\"_blank\" rel=\"noreferrer noopener\">Anghi Csaba Orsz\u00e1gos \u00c1llattani \u00e9s Term\u00e9szetv\u00e9delmi Verseny (7-10. \u00e9vfolyam)<\/a><br><br><a href=\"http:\/\/www.ffg.hu\/arokszallasy\/versenykiiras\" target=\"_blank\" rel=\"noreferrer noopener\">Dr. \u00c1roksz\u00e1ll\u00e1sy Zolt\u00e1n biol\u00f3gia \u00e9s k\u00f6rnyezetv\u00e9delmi verseny (7-12. \u00e9vfolyam)<\/a><br><br><a href=\"https:\/\/www.oktatas.hu\/pub_bin\/dload\/kozoktatas\/tanulmanyi_versenyek\/oktv\/oktv2025_2026_vk\/10_biologia_2526.pdf\" target=\"_blank\" rel=\"noreferrer noopener\">Orsz\u00e1gos K\u00f6z\u00e9piskolai Tanulm\u00e1nyi Verseny (11-12. \u00e9vfolyam)<\/a><br><br><a href=\"https:\/\/semmelweis.hu\/boe\/egeszsegverseny\/\" target=\"_blank\" rel=\"noreferrer noopener\">Semmelweis Eg\u00e9szs\u00e9gverseny (9-12. \u00e9vfolyam)<\/a><br><br><a href=\"https:\/\/www.tehetsegkapu.hu\/tehetseggondozas\/versenyek\/3651\" target=\"_blank\" rel=\"noreferrer noopener\">Komplex term\u00e9szettudom\u00e1nyos csapatverseny (9-12. \u00e9vfolyam)<\/a><\/p>\n<\/div><\/div>\n\n\n\n<p class=\"has-text-align-center has-contrast-color has-accent-2-background-color has-text-color has-background has-link-color has-large-font-size wp-elements-7aba8529b4fce6889307331eae59ceea\"><strong>Versenyeredm\u00e9nyek<\/strong> 2024\/25<\/p>\n\n\n\n<div class=\"wp-block-group has-global-padding is-layout-constrained wp-container-core-group-is-layout-11c1ca01 wp-block-group-is-layout-constrained\" style=\"padding-right:var(--wp--preset--spacing--50);padding-left:var(--wp--preset--spacing--50)\">\n<div class=\"wp-block-group has-global-padding is-layout-constrained wp-container-core-group-is-layout-c9115f92 wp-block-group-is-layout-constrained\" style=\"padding-right:var(--wp--preset--spacing--20);padding-left:var(--wp--preset--spacing--20)\">\n<ul style=\"margin-right:var(--wp--preset--spacing--50);margin-left:var(--wp--preset--spacing--50)\" class=\"wp-block-list kozepre\">\n<li class=\"has-accent-4-color has-text-color has-link-color has-medium-font-size wp-elements-a9a7ecbb87db65346371636249a21bdc\">Orsz\u00e1gos K\u00f6z\u00e9piskolai Tanulm\u00e1nyi Verseny:<br>I. kateg\u00f3ria: <strong>Baba Mil\u00e1n<\/strong> 16. hely <br>(felk\u00e9sz\u00edt\u0151 tan\u00e1r: Farag\u00f3 Norbert \u00e9s Er\u0151s-Honti Julianna)<br>I. kateg\u00f3ria: <strong>V\u00edzi R\u00f3za Luca<\/strong> 23. hely <br>(felk\u00e9sz\u00edt\u0151 tan\u00e1r: Farag\u00f3 Norbert \u00e9s Er\u0151s-Honti Julianna)<br>II. kateg\u00f3ria: <strong>Sipos Bal\u00e1zs<\/strong> 28. hely <br>(felk\u00e9sz\u00edt\u0151 tan\u00e1r: Farag\u00f3 Norbert \u00e9s Er\u0151s-Honti Julianna)<\/li>\n\n\n\n<li class=\"has-link-color has-medium-font-size wp-elements-73d4850fd2ac6fb26d4caaf2931247d3\">Semmelweis Eg\u00e9szs\u00e9gverseny: <br><strong>Kiss-Lajos Anna, M\u00e1di-N\u00e1tor Lili, Trang Hoang-Thi Minh, Oldal Kl\u00e1ra, Raza Katarina<\/strong> 8. hely<br><strong>B\u00e1ling Eszter, Bart\u00f3k Marcell, Botos Emma, Vizi R\u00f3za<\/strong> csapat 11. hely<\/li>\n\n\n\n<li class=\"has-link-color has-medium-font-size wp-elements-1da5dd52687e91610c837b44f0645731\">Dr. \u00c1roksz\u00e1ll\u00e1sy Zolt\u00e1n biol\u00f3gia \u00e9s k\u00f6rnyezetv\u00e9delmi verseny<br><strong>Sipos Bal\u00e1zs<\/strong> 2. hely <br>(felk\u00e9sz\u00edt\u0151 tan\u00e1r: Farag\u00f3 Norbert, Er\u0151s-Honti Julianna)<br><strong>Sz\u00fccsi M\u00e1rton<\/strong> 14. hely <br>(felk\u00e9sz\u00edt\u0151 tan\u00e1r: Farag\u00f3 Norbert, Er\u0151s-Honti Julianna)<\/li>\n\n\n\n<li class=\"has-accent-4-color has-text-color has-link-color has-medium-font-size wp-elements-e0b26d7743ae43fcd4f3ed96d45e4027\">Anghi Csaba Orsz\u00e1gos \u00c1llattani \u00e9s Term\u00e9szetv\u00e9delmi Verseny:<br><strong>Gimesi M\u00f3r<\/strong> 4.hely (felk\u00e9sz\u00edt\u0151 tan\u00e1r: Farag\u00f3 Norbert)<\/li>\n<\/ul>\n<\/div>\n<\/div>\n\n\n\n<p class=\"has-text-align-center has-accent-2-color has-accent-4-background-color has-text-color has-background has-link-color has-large-font-size wp-elements-382f690698325ec97bc47975411a0d1d\"><strong>Versenyeredm\u00e9nyek<\/strong> 2023\/24<\/p>\n\n\n\n<div class=\"wp-block-group kozepre has-global-padding is-layout-constrained wp-container-core-group-is-layout-c9115f92 wp-block-group-is-layout-constrained\" style=\"padding-right:var(--wp--preset--spacing--20);padding-left:var(--wp--preset--spacing--20)\">\n<ul style=\"margin-right:var(--wp--preset--spacing--50);margin-left:var(--wp--preset--spacing--50)\" class=\"wp-block-list kozepre\">\n<li class=\"has-accent-4-color has-text-color has-link-color has-medium-font-size wp-elements-998aa13faa70130b1c621bc01bf260a3\">Orsz\u00e1gos K\u00f6z\u00e9piskolai Tanulm\u00e1nyi Verseny:<br>I. kateg\u00f3ria: <strong>Sipos Bal\u00e1zs<\/strong> 29. hely <br>(felk\u00e9sz\u00edt\u0151 tan\u00e1r: Farag\u00f3 Norbert, Er\u0151s-Honti Julianna<br>I. kateg\u00f3ria: <strong>Kr\u00e1mli Petra<\/strong> 41. hely <br>(felk\u00e9sz\u00edt\u0151 tan\u00e1r: Farag\u00f3 Norbert, Er\u0151s-Honti Julianna)<br>II. kateg\u00f3ria: <strong>Wiener M\u00e1rton<\/strong> 30. hely <br>(felk\u00e9sz\u00edt\u0151 tan\u00e1r: Farag\u00f3 Norbert, Er\u0151s-Honti Julianna)<\/li>\n\n\n\n<li class=\"has-link-color has-medium-font-size wp-elements-f9921cc1a4f0febf1e718bce790800ce\">Semmelweis Eg\u00e9szs\u00e9gverseny: <br><strong>Hiezl Petra, Marx Lili, Nagy J\u00e1zmin, Tak\u00e1cs Veronika, Vida Bori<\/strong><br>csapat  2. hely<\/li>\n\n\n\n<li class=\"has-link-color has-medium-font-size wp-elements-defc3ae024fb9f3f868be66557629cbc\">Dr. \u00c1roksz\u00e1ll\u00e1sy Zolt\u00e1n biol\u00f3gia \u00e9s k\u00f6rnyezetv\u00e9delmi verseny:<br><strong>Baba Mil\u00e1n<\/strong> 13. hely <br>(felk\u00e9sz\u00edt\u0151 tan\u00e1r: Farag\u00f3 Norbert)<br><strong>Wiener M\u00e1rton<\/strong> 13. hely <br>(felk\u00e9sz\u00edt\u0151 tan\u00e1r: Farag\u00f3 Norbert, Er\u0151s-Honti Julianna)<br><strong>Gyimesi Eszter<\/strong> 8.hely <br>(felk\u00e9sz\u00edt\u0151 tan\u00e1r: Farag\u00f3 Norbert, Er\u0151s-Honti Julianna)<\/li>\n\n\n\n<li class=\"has-accent-4-color has-text-color has-link-color has-medium-font-size wp-elements-82f1f062b33cd1c009b3e1dc5753843b\">Komplex term\u00e9szettudom\u00e1nyos csapatverseny \/pilot \u00e9v\/: <br><strong>Gy\u00f6rgy Eszter, R\u00e1k Laura, Szilv\u00e1sy Zsigmond<\/strong> 1. hely<br><strong>Brodszky Anna, Iv\u00e1n Tam\u00e1s, Stichleutner R\u00f3bert, Sz\u00fccsi M\u00e1rton<\/strong> 2. hely <br><strong>Duronelly Gergely, Sipos Bal\u00e1zs, Tak\u00e1cs B\u00e1lint<\/strong> 3-4. hely<br>(felk\u00e9sz\u00edt\u0151 tan\u00e1r: Farag\u00f3 Norbert)<\/li>\n<\/ul>\n<\/div>\n","protected":false},"excerpt":{"rendered":"<p>Amelyeken indulni szoktunk: Anghi Csaba Orsz\u00e1gos \u00c1llattani \u00e9s Term\u00e9szetv\u00e9delmi Verseny (7-10. \u00e9vfolyam) Dr. \u00c1roksz\u00e1ll\u00e1sy Zolt\u00e1n biol\u00f3gia \u00e9s k\u00f6rnyezetv\u00e9delmi verseny (7-12. \u00e9vfolyam) Orsz\u00e1gos K\u00f6z\u00e9piskolai Tanulm\u00e1nyi Verseny (11-12. \u00e9vfolyam) Semmelweis Eg\u00e9szs\u00e9gverseny (9-12. \u00e9vfolyam) Komplex term\u00e9szettudom\u00e1nyos csapatverseny (9-12. \u00e9vfolyam) Versenyeredm\u00e9nyek 2024\/25 Versenyeredm\u00e9nyek 2023\/24<\/p>\n","protected":false},"author":1,"featured_media":0,"parent":0,"menu_order":0,"comment_status":"closed","ping_status":"closed","template":"c-mlap","meta":{"footnotes":""},"class_list":["post-640","page","type-page","status-publish","hentry"],"_links":{"self":[{"href":"https:\/\/termtud.eltetrefort.hu\/index.php?rest_route=\/wp\/v2\/pages\/640","targetHints":{"allow":["GET"]}}],"collection":[{"href":"https:\/\/termtud.eltetrefort.hu\/index.php?rest_route=\/wp\/v2\/pages"}],"about":[{"href":"https:\/\/termtud.eltetrefort.hu\/index.php?rest_route=\/wp\/v2\/types\/page"}],"author":[{"embeddable":true,"href":"https:\/\/termtud.eltetrefort.hu\/index.php?rest_route=\/wp\/v2\/users\/1"}],"replies":[{"embeddable":true,"href":"https:\/\/termtud.eltetrefort.hu\/index.php?rest_route=%2Fwp%2Fv2%2Fcomments&post=640"}],"version-history":[{"count":40,"href":"https:\/\/termtud.eltetrefort.hu\/index.php?rest_route=\/wp\/v2\/pages\/640\/revisions"}],"predecessor-version":[{"id":1349,"href":"https:\/\/termtud.eltetrefort.hu\/index.php?rest_route=\/wp\/v2\/pages\/640\/revisions\/1349"}],"wp:attachment":[{"href":"https:\/\/termtud.eltetrefort.hu\/index.php?rest_route=%2Fwp%2Fv2%2Fmedia&parent=640"}],"curies":[{"name":"wp","href":"https:\/\/api.w.org\/{rel}","templated":true}]}}