{"id":922,"date":"2026-01-15T11:04:14","date_gmt":"2026-01-15T10:04:14","guid":{"rendered":"https:\/\/termtud.eltetrefort.hu\/?page_id=922"},"modified":"2026-01-19T09:04:24","modified_gmt":"2026-01-19T08:04:24","slug":"nta-biologia","status":"publish","type":"page","link":"https:\/\/termtud.eltetrefort.hu\/?page_id=922","title":{"rendered":"Nemzeti Tud\u00f3sk\u00e9pz\u0151 Akad\u00e9mia &#8211; biol\u00f3gia"},"content":{"rendered":"\n<div class=\"wp-block-media-text is-stacked-on-mobile is-image-fill-element\" style=\"margin-right:var(--wp--preset--spacing--50);margin-left:var(--wp--preset--spacing--50);grid-template-columns:30% auto\"><figure class=\"wp-block-media-text__media\"><img loading=\"lazy\" decoding=\"async\" width=\"1024\" height=\"570\" src=\"http:\/\/termtud.eltetrefort.hu\/wp-content\/uploads\/2026\/01\/img-1764619213612019387107-1024x570.jpg\" alt=\"\" class=\"wp-image-945 size-full\" style=\"object-position:50% 50%\" srcset=\"https:\/\/termtud.eltetrefort.hu\/wp-content\/uploads\/2026\/01\/img-1764619213612019387107-1024x570.jpg 1024w, https:\/\/termtud.eltetrefort.hu\/wp-content\/uploads\/2026\/01\/img-1764619213612019387107-300x167.jpg 300w, https:\/\/termtud.eltetrefort.hu\/wp-content\/uploads\/2026\/01\/img-1764619213612019387107-768x428.jpg 768w, https:\/\/termtud.eltetrefort.hu\/wp-content\/uploads\/2026\/01\/img-1764619213612019387107-1536x855.jpg 1536w, https:\/\/termtud.eltetrefort.hu\/wp-content\/uploads\/2026\/01\/img-1764619213612019387107.jpg 1600w\" sizes=\"auto, (max-width: 1024px) 100vw, 1024px\" \/><\/figure><div class=\"wp-block-media-text__content\">\n<p class=\"sorkizart has-contrast-color has-text-color has-link-color has-medium-font-size wp-elements-0942a3208e1908c1dd2de1991676b826\">A <strong>NEMZETI TUD\u00d3SK\u00c9PZ\u0150 AKAD\u00c9MIA (NTA)<\/strong> a Szegedi Orvosbiol\u00f3giai Kutat\u00e1sok J\u00f6v\u0151j\u00e9\u00e9rt Alap\u00edtv\u00e1ny \u00e1ltal l\u00e9trehozott oktat\u00e1si program, melynek els\u0151dleges c\u00e9lja az orvosbiol\u00f3giai kutat\u00e1sok, a gyakorlati orvosl\u00e1s ir\u00e1nt \u00e9rdekl\u0151d\u0151 tehets\u00e9ges di\u00e1kok felismer\u00e9se, tehets\u00e9ggondoz\u00e1sa. A program gimn\u00e1ziumi \u00e9s egyetemi k\u00e9pz\u00e9si programb\u00f3l \u00e1ll, sz\u00e1mos lehet\u0151s\u00e9get biztos\u00edt a tehets\u00e9ges di\u00e1kok fejl\u0151d\u00e9s\u00e9hez. A programban val\u00f3 r\u00e9szv\u00e9tellel \u00e9s bizonyos felt\u00e9telek teljes\u00edt\u00e9s\u00e9vel a felv\u00e9telihez t\u00f6bb egyetem eset\u00e9n int\u00e9zm\u00e9nyi pontok szerezhet\u0151k. Iskol\u00e1nk az orsz\u00e1g 27 ter\u00fcleti k\u00f6zpontja k\u00f6z\u00fcl az egyik, mely rendszeres elm\u00e9leti \u00e9s gyakorlati k\u00e9pz\u00e9seket, skill laboros l\u00e1togat\u00e1sokat biztos\u00edt a r\u00e9sztvev\u0151knek. A di\u00e1koknak lehet\u0151s\u00e9g\u00fck van megismerni \u00e9s kipr\u00f3b\u00e1lni a modern molekul\u00e1ris m\u00f3dszereket (pl. PCR, elektrofor\u00e9zis), melyekhez a szakmai \u00e9s anyagi h\u00e1tteret az NTA biztos\u00edtja. Az akad\u00e9mia \u00e1ltal szervezett <em>Nobel-d\u00edjasok \u00e9s tehets\u00e9ges di\u00e1kok tal\u00e1lkoz\u00f3in<\/em> pedig a di\u00e1kok sz\u00ednvonalas szakmai konferenci\u00e1kon vehetnek r\u00e9szt k\u00e9tszer egy \u00e9veben Szegeden.<br><br><strong><a href=\"https:\/\/www.edu-sci.org\/tanar\/szent-gyorgyi-vezeto-tanar\/\" target=\"_blank\" rel=\"noreferrer noopener\">Szent-Gy\u00f6rgyi Vezet\u0151 Tan\u00e1r<\/a>: Farag\u00f3 Norbert \u00e9s Kutrov\u00e1cz L\u00e1szl\u00f3<\/strong><br><em><br>k\u00e9p forr\u00e1sa: <a href=\"https:\/\/www.edu-sci.org\" target=\"_blank\" rel=\"noreferrer noopener\">https:\/\/www.edu-sci.org<\/a><\/em><br><\/p>\n<\/div><\/div>\n\n\n\n<p class=\"has-text-align-center has-contrast-color has-accent-2-background-color has-text-color has-background has-link-color has-large-font-size wp-elements-13b493f8524b712c87042a1f120bda76\"><strong>Hasznos inform\u00e1ci\u00f3k a programr\u00f3l<\/strong><\/p>\n\n\n\n<ul class=\"wp-block-list kozepre\">\n<li class=\"has-medium-font-size\"><a href=\"https:\/\/www.edu-sci.org\/nemzeti-tudoskepzo-akademia\/nta-program\/\" target=\"_blank\" rel=\"noreferrer noopener\">A Nemzeti Tud\u00f3sk\u00e9pz\u0151 Akad\u00e9mia programj\u00e1r\u00f3l<\/a><\/li>\n\n\n\n<li class=\"has-medium-font-size\"><a href=\"https:\/\/www.edu-sci.org\/kozepiskolai-kepzesi-program\/teruleti-kepzesi-kozpontok\/#\" target=\"_blank\" rel=\"noreferrer noopener\">A K\u00f6z\u00e9piskolai K\u00e9pz\u00e9si Program &#8211; Ter\u00fcleti K\u00f6zpontok<\/a><\/li>\n\n\n\n<li class=\"has-medium-font-size\"><a href=\"https:\/\/www.edu-sci.org\/rendezvenyek\/\" target=\"_blank\" rel=\"noreferrer noopener\">Nobel-d\u00edjasok \u00e9s tehets\u00e9ges di\u00e1kok tal\u00e1lkoz\u00f3ja<\/a><\/li>\n\n\n\n<li class=\"has-medium-font-size\"><a href=\"https:\/\/www.trefort.elte.hu\/hirek\/egy-nobel-dijas-tudos-iskolankban-2\/\" target=\"_blank\" rel=\"noreferrer noopener\">Sir Peter John Ratcliffe brit orvos-biol\u00f3gus Nobel-d\u00edjas kutat\u00f3 l\u00e1togat\u00e1sa iskol\u00e1nkban<\/a><\/li>\n<\/ul>\n\n\n\n<figure class=\"wp-block-gallery has-nested-images columns-default is-cropped wp-block-gallery-1 is-layout-flex wp-block-gallery-is-layout-flex\" style=\"margin-right:var(--wp--preset--spacing--50);margin-left:var(--wp--preset--spacing--50)\">\n<figure class=\"wp-block-image size-large\"><img loading=\"lazy\" decoding=\"async\" width=\"768\" height=\"1024\" data-id=\"939\" src=\"https:\/\/termtud.eltetrefort.hu\/wp-content\/uploads\/2026\/01\/1000035475-768x1024.jpg\" alt=\"\" class=\"wp-image-939\" srcset=\"https:\/\/termtud.eltetrefort.hu\/wp-content\/uploads\/2026\/01\/1000035475-768x1024.jpg 768w, https:\/\/termtud.eltetrefort.hu\/wp-content\/uploads\/2026\/01\/1000035475-225x300.jpg 225w, https:\/\/termtud.eltetrefort.hu\/wp-content\/uploads\/2026\/01\/1000035475-1152x1536.jpg 1152w, https:\/\/termtud.eltetrefort.hu\/wp-content\/uploads\/2026\/01\/1000035475-1536x2048.jpg 1536w, https:\/\/termtud.eltetrefort.hu\/wp-content\/uploads\/2026\/01\/1000035475-scaled.jpg 1920w\" sizes=\"auto, (max-width: 768px) 100vw, 768px\" \/><figcaption class=\"wp-element-caption\">szakmai el\u0151ad\u00e1s<\/figcaption><\/figure>\n\n\n\n<figure class=\"wp-block-image size-large\"><img loading=\"lazy\" decoding=\"async\" width=\"1024\" height=\"768\" data-id=\"960\" src=\"https:\/\/termtud.eltetrefort.hu\/wp-content\/uploads\/2026\/01\/ejeBT17e-1024x768.jpg\" alt=\"\" class=\"wp-image-960\" srcset=\"https:\/\/termtud.eltetrefort.hu\/wp-content\/uploads\/2026\/01\/ejeBT17e-1024x768.jpg 1024w, https:\/\/termtud.eltetrefort.hu\/wp-content\/uploads\/2026\/01\/ejeBT17e-300x225.jpg 300w, https:\/\/termtud.eltetrefort.hu\/wp-content\/uploads\/2026\/01\/ejeBT17e-768x576.jpg 768w, https:\/\/termtud.eltetrefort.hu\/wp-content\/uploads\/2026\/01\/ejeBT17e-1536x1152.jpg 1536w, https:\/\/termtud.eltetrefort.hu\/wp-content\/uploads\/2026\/01\/ejeBT17e.jpg 2048w\" sizes=\"auto, (max-width: 1024px) 100vw, 1024px\" \/><figcaption class=\"wp-element-caption\">laborgyakorlat<\/figcaption><\/figure>\n\n\n\n<figure class=\"wp-block-image size-large\"><img loading=\"lazy\" decoding=\"async\" width=\"1024\" height=\"768\" data-id=\"934\" src=\"http:\/\/termtud.eltetrefort.hu\/wp-content\/uploads\/2026\/01\/1000032197-1024x768.jpg\" alt=\"\" class=\"wp-image-934\" srcset=\"https:\/\/termtud.eltetrefort.hu\/wp-content\/uploads\/2026\/01\/1000032197-1024x768.jpg 1024w, https:\/\/termtud.eltetrefort.hu\/wp-content\/uploads\/2026\/01\/1000032197-300x225.jpg 300w, https:\/\/termtud.eltetrefort.hu\/wp-content\/uploads\/2026\/01\/1000032197-768x576.jpg 768w, https:\/\/termtud.eltetrefort.hu\/wp-content\/uploads\/2026\/01\/1000032197-1536x1152.jpg 1536w, https:\/\/termtud.eltetrefort.hu\/wp-content\/uploads\/2026\/01\/1000032197-2048x1536.jpg 2048w\" sizes=\"auto, (max-width: 1024px) 100vw, 1024px\" \/><figcaption class=\"wp-element-caption\">mikroszk\u00f3pos gyakorlat<\/figcaption><\/figure>\n\n\n\n<figure class=\"wp-block-image size-large\"><img loading=\"lazy\" decoding=\"async\" width=\"1024\" height=\"768\" data-id=\"935\" src=\"http:\/\/termtud.eltetrefort.hu\/wp-content\/uploads\/2026\/01\/1000032791-scaled-e1768679394546-1024x768.jpg\" alt=\"\" class=\"wp-image-935\" srcset=\"https:\/\/termtud.eltetrefort.hu\/wp-content\/uploads\/2026\/01\/1000032791-scaled-e1768679394546-1024x768.jpg 1024w, https:\/\/termtud.eltetrefort.hu\/wp-content\/uploads\/2026\/01\/1000032791-scaled-e1768679394546-300x225.jpg 300w, https:\/\/termtud.eltetrefort.hu\/wp-content\/uploads\/2026\/01\/1000032791-scaled-e1768679394546-768x576.jpg 768w, https:\/\/termtud.eltetrefort.hu\/wp-content\/uploads\/2026\/01\/1000032791-scaled-e1768679394546-1536x1152.jpg 1536w, https:\/\/termtud.eltetrefort.hu\/wp-content\/uploads\/2026\/01\/1000032791-scaled-e1768679394546-2048x1536.jpg 2048w\" sizes=\"auto, (max-width: 1024px) 100vw, 1024px\" \/><figcaption class=\"wp-element-caption\">boncol\u00e1si gyakorlat<\/figcaption><\/figure>\n\n\n\n<figure class=\"wp-block-image size-large\"><img loading=\"lazy\" decoding=\"async\" width=\"1024\" height=\"768\" data-id=\"936\" src=\"https:\/\/termtud.eltetrefort.hu\/wp-content\/uploads\/2026\/01\/1000033214-1024x768.jpg\" alt=\"\" class=\"wp-image-936\" srcset=\"https:\/\/termtud.eltetrefort.hu\/wp-content\/uploads\/2026\/01\/1000033214-1024x768.jpg 1024w, https:\/\/termtud.eltetrefort.hu\/wp-content\/uploads\/2026\/01\/1000033214-300x225.jpg 300w, https:\/\/termtud.eltetrefort.hu\/wp-content\/uploads\/2026\/01\/1000033214-768x576.jpg 768w, https:\/\/termtud.eltetrefort.hu\/wp-content\/uploads\/2026\/01\/1000033214-1536x1152.jpg 1536w, https:\/\/termtud.eltetrefort.hu\/wp-content\/uploads\/2026\/01\/1000033214-2048x1536.jpg 2048w\" sizes=\"auto, (max-width: 1024px) 100vw, 1024px\" \/><figcaption class=\"wp-element-caption\">Nobel-d\u00edjas l\u00e1togat\u00e1sa iskol\u00e1nkban<\/figcaption><\/figure>\n\n\n\n<figure class=\"wp-block-image size-large\"><img loading=\"lazy\" decoding=\"async\" width=\"768\" height=\"1024\" data-id=\"937\" src=\"https:\/\/termtud.eltetrefort.hu\/wp-content\/uploads\/2026\/01\/1000033216-768x1024.jpg\" alt=\"\" class=\"wp-image-937\" srcset=\"https:\/\/termtud.eltetrefort.hu\/wp-content\/uploads\/2026\/01\/1000033216-768x1024.jpg 768w, https:\/\/termtud.eltetrefort.hu\/wp-content\/uploads\/2026\/01\/1000033216-225x300.jpg 225w, https:\/\/termtud.eltetrefort.hu\/wp-content\/uploads\/2026\/01\/1000033216-1152x1536.jpg 1152w, https:\/\/termtud.eltetrefort.hu\/wp-content\/uploads\/2026\/01\/1000033216-1536x2048.jpg 1536w, https:\/\/termtud.eltetrefort.hu\/wp-content\/uploads\/2026\/01\/1000033216-scaled.jpg 1920w\" sizes=\"auto, (max-width: 768px) 100vw, 768px\" \/><figcaption class=\"wp-element-caption\">Nobel-d\u00edjas l\u00e1togat\u00e1sa iskol\u00e1nkban<\/figcaption><\/figure>\n<\/figure>\n\n\n\n<p><\/p>\n","protected":false},"excerpt":{"rendered":"<p>A NEMZETI TUD\u00d3SK\u00c9PZ\u0150 AKAD\u00c9MIA (NTA) a Szegedi Orvosbiol\u00f3giai Kutat\u00e1sok J\u00f6v\u0151j\u00e9\u00e9rt Alap\u00edtv\u00e1ny \u00e1ltal l\u00e9trehozott oktat\u00e1si program, melynek els\u0151dleges c\u00e9lja az orvosbiol\u00f3giai kutat\u00e1sok, a gyakorlati orvosl\u00e1s ir\u00e1nt \u00e9rdekl\u0151d\u0151 tehets\u00e9ges di\u00e1kok felismer\u00e9se, tehets\u00e9ggondoz\u00e1sa. A program gimn\u00e1ziumi \u00e9s egyetemi k\u00e9pz\u00e9si programb\u00f3l \u00e1ll, sz\u00e1mos lehet\u0151s\u00e9get biztos\u00edt a tehets\u00e9ges di\u00e1kok fejl\u0151d\u00e9s\u00e9hez. A programban val\u00f3 r\u00e9szv\u00e9tellel \u00e9s bizonyos felt\u00e9telek teljes\u00edt\u00e9s\u00e9vel a felv\u00e9telihez [&hellip;]<\/p>\n","protected":false},"author":1,"featured_media":0,"parent":0,"menu_order":0,"comment_status":"closed","ping_status":"closed","template":"c-mlap","meta":{"footnotes":""},"class_list":["post-922","page","type-page","status-publish","hentry"],"_links":{"self":[{"href":"https:\/\/termtud.eltetrefort.hu\/index.php?rest_route=\/wp\/v2\/pages\/922","targetHints":{"allow":["GET"]}}],"collection":[{"href":"https:\/\/termtud.eltetrefort.hu\/index.php?rest_route=\/wp\/v2\/pages"}],"about":[{"href":"https:\/\/termtud.eltetrefort.hu\/index.php?rest_route=\/wp\/v2\/types\/page"}],"author":[{"embeddable":true,"href":"https:\/\/termtud.eltetrefort.hu\/index.php?rest_route=\/wp\/v2\/users\/1"}],"replies":[{"embeddable":true,"href":"https:\/\/termtud.eltetrefort.hu\/index.php?rest_route=%2Fwp%2Fv2%2Fcomments&post=922"}],"version-history":[{"count":32,"href":"https:\/\/termtud.eltetrefort.hu\/index.php?rest_route=\/wp\/v2\/pages\/922\/revisions"}],"predecessor-version":[{"id":1373,"href":"https:\/\/termtud.eltetrefort.hu\/index.php?rest_route=\/wp\/v2\/pages\/922\/revisions\/1373"}],"wp:attachment":[{"href":"https:\/\/termtud.eltetrefort.hu\/index.php?rest_route=%2Fwp%2Fv2%2Fmedia&parent=922"}],"curies":[{"name":"wp","href":"https:\/\/api.w.org\/{rel}","templated":true}]}}